{"id":55,"date":"2020-04-20T03:35:53","date_gmt":"2020-04-20T03:35:53","guid":{"rendered":"https:\/\/wp.usssinc.net\/?page_id=55"},"modified":"2020-12-08T19:27:33","modified_gmt":"2020-12-08T19:27:33","slug":"flow","status":"publish","type":"page","link":"https:\/\/usssinc.net\/por\/flow\/","title":{"rendered":"How to apply"},"content":{"rendered":"<div id=\"main-contents\" class=\"page-flow\"> <!-- #main-contents -->\r\n  <span class=\"flow-title\">Processo desde a inscri\u00e7\u00e3o at\u00e9 o check-in<\/span>\r\n  <section class=\"flow\">\r\n    <div class=\"wrapper\">\r\n      <div class=\"flow-contents\">\r\n        <div class=\"tabs-stage\">\r\n          <ul class=\"flow-lists\">\r\n            <li class=\"flow-lists--item\">\r\n              <b class=\"num\">1.<\/b>\r\n              <figure class=\"flow-cover\">\r\n                <img decoding=\"async\" src=\"https:\/\/usssinc.net\/wp-content\/themes\/usss\/images\/icon_flow_01.png\" alt=\"\">\r\n              <\/figure>\r\n              <span class=\"inner-title-sp\">Verifique a disponibilidade primeiro\uff01<\/span>\r\n              <div class=\"flow-info\">\r\n                <span class=\"inner-title\">Verifique a disponibilidade primeiro\uff01<\/span>\r\n                <p class=\"flow-description\">\r\n                  Verifique a disponibilidade preenchendo a se\u00e7\u00e3o de resid\u00eancia preferencial \/ local \/ tipo de quarto \/ m\u00e9todo de hospedagem\r\nNossa equipe de hospedagem verificar\u00e1 a disponibilidade e entrar\u00e1 em contato com voc\u00ea. \r\nInforme-nos se tiver alguma d\u00favida ou preocupa\u00e7\u00e3o.\r\n                <\/p>\r\n                <a href=\"\/wp-content\/themes\/usss\/en\/document\/\" class=\"btn\">Verifique a disponibilidade\uff01<\/a>\r\n              <\/div>\r\n            <\/li>\r\n            <li class=\"flow-lists--item\">\r\n              <b class=\"num\">2.<\/b>\r\n              <figure class=\"flow-cover\">\r\n                <img decoding=\"async\" src=\"https:\/\/usssinc.net\/wp-content\/themes\/usss\/images\/icon_flow_02.png\" alt=\"\">\r\n              <\/figure>\r\n              <span class=\"inner-title-sp\">Inscreva-se online\uff01<\/span>\r\n              <div class=\"flow-info\">\r\n                <span class=\"inner-title\">Inscreva-se online\uff01<\/span>\r\n                <p class=\"flow-description\">\r\n                  Preencha todas as se\u00e7\u00f5es para nossa inscri\u00e7\u00e3o online f\u00e1cil. \r\nAssim que terminar o processo de inscri\u00e7\u00e3o, ser\u00e1 cobrada uma taxa de coloca\u00e7\u00e3o. Assim que terminar o processo de pagamento, nossa equipe entrar\u00e1 em contato com voc\u00ea.\r\n                <\/p>\r\n                <a href=\"https:\/\/usssinc.net\/booking\/\" class=\"btn\">V\u00e1 para a inscri\u00e7\u00e3o online<\/a>\r\n              <\/div>\r\n            <\/li>\r\n            <li class=\"flow-lists--item\">\r\n              <b class=\"num\">3.<\/b>\r\n              <figure class=\"flow-cover\">\r\n                <img decoding=\"async\" src=\"https:\/\/usssinc.net\/wp-content\/themes\/usss\/images\/icon_flow_03.png\" alt=\"\">\r\n              <\/figure>\r\n              <span class=\"inner-title-sp\">Envie suas informa\u00e7\u00f5es de voo\uff01<\/span>\r\n              <div class=\"flow-info\">\r\n                <span class=\"inner-title\">Envie suas informa\u00e7\u00f5es de voo\uff01<\/span>\r\n                <p class=\"flow-description\">\r\n                  Assim que o seu voo for confirmado, envie-nos o n\u00famero do voo, a hora de chegada e a data de chegada pelo menos duas semanas antes da data de partida.\r\n                <\/p>\r\n              <\/div>\r\n            <\/li>\r\n            <li class=\"flow-lists--item\">\r\n              <b class=\"num\">4.<\/b>\r\n              <figure class=\"flow-cover\">\r\n                <i class=\"fas fa-file-alt\"><\/i>\r\n              <\/figure>\r\n              <span class=\"inner-title-sp\">Duas semanas antes da sua partida\uff01<\/span>\r\n              <div class=\"flow-info\">\r\n                <span class=\"inner-title\">Duas semanas antes da sua partida\uff01<\/span>\r\n                <p class=\"flow-description\">\r\n                  Nossa equipe enviar\u00e1 a voc\u00ea uma confirma\u00e7\u00e3o final com os detalhes da acomoda\u00e7\u00e3o\r\n                <\/p>\r\n              <\/div>\r\n            <\/li>\r\n            <li class=\"flow-lists--item\">\r\n              <div class=\"flow-info\">\r\n                <p class=\"flow-description\">\r\n                  <span class=\"num\">5.<\/span>Finalmente, vamos nos preparar para partir para Los Angeles!\r\n                <\/p>\r\n              <\/div>\r\n            <\/li>\r\n            <li class=\"flow-lists--item\">\r\n              <b class=\"num\">6.<\/b>\r\n              <figure class=\"flow-cover\">\r\n                <img decoding=\"async\" src=\"https:\/\/usssinc.net\/wp-content\/themes\/usss\/images\/icon_flow_06.png\" alt=\"\">\r\n              <\/figure>\r\n              <span class=\"inner-title-sp\">Recep\u00e7\u00e3o no aeroporto <\/span>\r\n              <div class=\"flow-info\">\r\n                <span class=\"inner-title\">Recep\u00e7\u00e3o no aeroporto <\/span>\r\n                <p class=\"flow-description\">\r\n                  Nossa equipe ir\u00e1 busc\u00e1-lo no aeroporto\r\n                <\/p>\r\n              <\/div>\r\n            <\/li>\r\n            <li class=\"flow-lists--item\">\r\n              <b class=\"num\">7.<\/b>\r\n              <figure class=\"flow-cover\">\r\n                <img decoding=\"async\" src=\"https:\/\/usssinc.net\/wp-content\/themes\/usss\/images\/icon_flow_07.png\" alt=\"\">\r\n              <\/figure>\r\n              <span class=\"inner-title-sp\">Chegue ao alojamento <\/span>\r\n              <div class=\"flow-info\">\r\n                <span class=\"inner-title\">Chegue ao alojamento <\/span>\r\n                <p class=\"flow-description\">\r\n                  Assim que chegar \u00e0 resid\u00eancia, voc\u00ea dever\u00e1 pagar o dep\u00f3sito cau\u00e7\u00e3o. Nossa equipe ir\u00e1 ajud\u00e1-lo com o processo de check-in\r\n                <\/p>\r\n              <\/div>\r\n            <\/li>\r\n            <li class=\"flow-lists--item\">\r\n              <b class=\"num\">8.<\/b>\r\n              <figure class=\"flow-cover\">\r\n                <i class=\"far fa-smile\"><\/i>\r\n              <\/figure>\r\n              <span class=\"inner-title-sp\">Prepare-se para uma nova vida!<\/span>\r\n              <div class=\"flow-info\">\r\n                <span class=\"inner-title\">Prepare-se para uma nova vida!<\/span>\r\n                <p class=\"flow-description\">\r\n                  Por favor, aproveite sua nova vida em LA! \r\nEntre em contato com nossa equipe a qualquer momento se tiver alguma d\u00favida, problema ou preocupa\u00e7\u00e3o\r\n                <\/p>\r\n              <\/div>\r\n            <\/li>\r\n          <\/ul>\r\n        <\/div>\r\n      <\/div>\r\n    <\/div>\r\n  <\/section>\r\n  <\/div> <!-- \/\/ #main-contents -->","protected":false},"excerpt":{"rendered":"Processo desde a inscri\u00e7\u00e3o at\u00e9 o check-in 1. Verifique a disponibilidade primeiro\uff01 Verifique a disponibilidade primeiro\uff01 Verifique a disponibilidade preenchendo a se\u00e7\u00e3o de resid\u00eancia preferencial \/ local \/ tipo de quarto \/ m\u00e9todo de hospedagem Nossa equipe de hospedagem verificar\u00e1 a disponibilidade e entrar\u00e1 em contato com voc\u00ea. Informe-nos se tiver alguma d\u00favida ou preocupa\u00e7\u00e3o. [&hellip;]","protected":false},"author":1,"featured_media":0,"parent":0,"menu_order":0,"comment_status":"closed","ping_status":"closed","template":"","meta":[],"yoast_head":"<!-- This site is optimized with the Yoast SEO plugin v20.11 - https:\/\/yoast.com\/wordpress\/plugins\/seo\/ -->\n<title>How to apply - U.S. Support Service Inc<\/title>\n<meta name=\"robots\" content=\"index, follow, max-snippet:-1, max-image-preview:large, max-video-preview:-1\" \/>\n<link rel=\"canonical\" href=\"https:\/\/usssinc.net\/por\/flow\/\" \/>\n<meta property=\"og:locale\" content=\"en_US\" \/>\n<meta property=\"og:type\" content=\"article\" \/>\n<meta property=\"og:title\" content=\"How to apply - U.S. Support Service Inc\" \/>\n<meta property=\"og:description\" content=\"Processo desde a inscri\u00e7\u00e3o at\u00e9 o check-in 1. Verifique a disponibilidade primeiro\uff01 Verifique a disponibilidade primeiro\uff01 Verifique a disponibilidade preenchendo a se\u00e7\u00e3o de resid\u00eancia preferencial \/ local \/ tipo de quarto \/ m\u00e9todo de hospedagem Nossa equipe de hospedagem verificar\u00e1 a disponibilidade e entrar\u00e1 em contato com voc\u00ea. Informe-nos se tiver alguma d\u00favida ou preocupa\u00e7\u00e3o. [&hellip;]\" \/>\n<meta property=\"og:url\" content=\"https:\/\/usssinc.net\/por\/flow\/\" \/>\n<meta property=\"og:site_name\" content=\"U.S. Support Service Inc\" \/>\n<meta property=\"article:modified_time\" content=\"2020-12-08T19:27:33+00:00\" \/>\n<meta property=\"og:image\" content=\"https:\/\/usssinc.net\/wp-content\/themes\/usss\/images\/icon_flow_01.png\" \/>\n<meta name=\"twitter:card\" content=\"summary_large_image\" \/>\n<meta name=\"twitter:label1\" content=\"Est. reading time\" \/>\n\t<meta name=\"twitter:data1\" content=\"1 minute\" \/>\n<script type=\"application\/ld+json\" class=\"yoast-schema-graph\">{\"@context\":\"https:\/\/schema.org\",\"@graph\":[{\"@type\":\"WebPage\",\"@id\":\"https:\/\/usssinc.net\/por\/flow\/\",\"url\":\"https:\/\/usssinc.net\/por\/flow\/\",\"name\":\"How to apply - U.S. Support Service Inc\",\"isPartOf\":{\"@id\":\"https:\/\/usssinc.net\/por\/#website\"},\"datePublished\":\"2020-04-20T03:35:53+00:00\",\"dateModified\":\"2020-12-08T19:27:33+00:00\",\"breadcrumb\":{\"@id\":\"https:\/\/usssinc.net\/por\/flow\/#breadcrumb\"},\"inLanguage\":\"en-US\",\"potentialAction\":[{\"@type\":\"ReadAction\",\"target\":[\"https:\/\/usssinc.net\/por\/flow\/\"]}]},{\"@type\":\"BreadcrumbList\",\"@id\":\"https:\/\/usssinc.net\/por\/flow\/#breadcrumb\",\"itemListElement\":[{\"@type\":\"ListItem\",\"position\":1,\"name\":\"Home\",\"item\":\"https:\/\/usssinc.net\/por\/\"},{\"@type\":\"ListItem\",\"position\":2,\"name\":\"How to apply\"}]},{\"@type\":\"WebSite\",\"@id\":\"https:\/\/usssinc.net\/por\/#website\",\"url\":\"https:\/\/usssinc.net\/por\/\",\"name\":\"U.S. Support Service Inc\",\"description\":\"Just another USSS Inc Sites site\",\"potentialAction\":[{\"@type\":\"SearchAction\",\"target\":{\"@type\":\"EntryPoint\",\"urlTemplate\":\"https:\/\/usssinc.net\/por\/?s={search_term_string}\"},\"query-input\":\"required name=search_term_string\"}],\"inLanguage\":\"en-US\"}]}<\/script>\n<!-- \/ Yoast SEO plugin. -->","yoast_head_json":{"title":"How to apply - U.S. Support Service Inc","robots":{"index":"index","follow":"follow","max-snippet":"max-snippet:-1","max-image-preview":"max-image-preview:large","max-video-preview":"max-video-preview:-1"},"canonical":"https:\/\/usssinc.net\/por\/flow\/","og_locale":"en_US","og_type":"article","og_title":"How to apply - U.S. Support Service Inc","og_description":"Processo desde a inscri\u00e7\u00e3o at\u00e9 o check-in 1. Verifique a disponibilidade primeiro\uff01 Verifique a disponibilidade primeiro\uff01 Verifique a disponibilidade preenchendo a se\u00e7\u00e3o de resid\u00eancia preferencial \/ local \/ tipo de quarto \/ m\u00e9todo de hospedagem Nossa equipe de hospedagem verificar\u00e1 a disponibilidade e entrar\u00e1 em contato com voc\u00ea. Informe-nos se tiver alguma d\u00favida ou preocupa\u00e7\u00e3o. [&hellip;]","og_url":"https:\/\/usssinc.net\/por\/flow\/","og_site_name":"U.S. Support Service Inc","article_modified_time":"2020-12-08T19:27:33+00:00","og_image":[{"url":"https:\/\/usssinc.net\/wp-content\/themes\/usss\/images\/icon_flow_01.png"}],"twitter_card":"summary_large_image","twitter_misc":{"Est. reading time":"1 minute"},"schema":{"@context":"https:\/\/schema.org","@graph":[{"@type":"WebPage","@id":"https:\/\/usssinc.net\/por\/flow\/","url":"https:\/\/usssinc.net\/por\/flow\/","name":"How to apply - U.S. Support Service Inc","isPartOf":{"@id":"https:\/\/usssinc.net\/por\/#website"},"datePublished":"2020-04-20T03:35:53+00:00","dateModified":"2020-12-08T19:27:33+00:00","breadcrumb":{"@id":"https:\/\/usssinc.net\/por\/flow\/#breadcrumb"},"inLanguage":"en-US","potentialAction":[{"@type":"ReadAction","target":["https:\/\/usssinc.net\/por\/flow\/"]}]},{"@type":"BreadcrumbList","@id":"https:\/\/usssinc.net\/por\/flow\/#breadcrumb","itemListElement":[{"@type":"ListItem","position":1,"name":"Home","item":"https:\/\/usssinc.net\/por\/"},{"@type":"ListItem","position":2,"name":"How to apply"}]},{"@type":"WebSite","@id":"https:\/\/usssinc.net\/por\/#website","url":"https:\/\/usssinc.net\/por\/","name":"U.S. Support Service Inc","description":"Just another USSS Inc Sites site","potentialAction":[{"@type":"SearchAction","target":{"@type":"EntryPoint","urlTemplate":"https:\/\/usssinc.net\/por\/?s={search_term_string}"},"query-input":"required name=search_term_string"}],"inLanguage":"en-US"}]}},"_links":{"self":[{"href":"https:\/\/usssinc.net\/por\/wp-json\/wp\/v2\/pages\/55"}],"collection":[{"href":"https:\/\/usssinc.net\/por\/wp-json\/wp\/v2\/pages"}],"about":[{"href":"https:\/\/usssinc.net\/por\/wp-json\/wp\/v2\/types\/page"}],"author":[{"embeddable":true,"href":"https:\/\/usssinc.net\/por\/wp-json\/wp\/v2\/users\/1"}],"replies":[{"embeddable":true,"href":"https:\/\/usssinc.net\/por\/wp-json\/wp\/v2\/comments?post=55"}],"version-history":[{"count":2,"href":"https:\/\/usssinc.net\/por\/wp-json\/wp\/v2\/pages\/55\/revisions"}],"predecessor-version":[{"id":337,"href":"https:\/\/usssinc.net\/por\/wp-json\/wp\/v2\/pages\/55\/revisions\/337"}],"wp:attachment":[{"href":"https:\/\/usssinc.net\/por\/wp-json\/wp\/v2\/media?parent=55"}],"curies":[{"name":"wp","href":"https:\/\/api.w.org\/{rel}","templated":true}]}}